se 15.
43742
33204031 (base 6) to base 3
1212121112201
2b2607 (base 13) to base 5
232442142
Convert 811035 (base 11) to base 10.
1304418
What is -1111001100000001011111 (base 2) in base 5?
-2004401112
-262075 (base 10) to base 15
-529ba
63240 (base 9) to base 14
11303
21010011212000 (base 3) to base 16
39b811
-11a6012 (base 12) to base 8
-15127216
25757 (base 12) to base 15
10277
What is 50551001 (base 6) in base 15?
1d8357
What is 3565325 (base 7) in base 2?
1101110101010010101
1d907c (base 14) to base 4
10003102112
-36150235 (base 8) to base 13
-1842b5a
17823821 (base 10) to base 9
36475615
What is 44103025 (base 8) in base 2?
100100001000011000010101
-b1ca6 (base 14) to base 16
-6872a
1831820 (base 9) to base 13
29b674
22390 (base 10) to base 4
11131312
What is 5663333 (base 10) in base 15?
76d058
Convert -2440357 (base 8) to base 12.
-284a67
Convert -31634 (base 14) to base 10.
-119214
3713157 (base 12) to base 7
160111603
What is -2436135 (base 7) in base 3?
-120211210110
Convert 879a455 (base 11) to base 6.
1311014444
Convert -9493c (base 14) to base 3.
-200012211012
Convert 32413046 (base 7) to base 10.
2776619
-775a (base 13) to base 3
-211211012
211001120 (base 7) to base 2
101111100100101110100000
250350 (base 6) to base 11
15725
3041623 (base 7) to base 5
43110310
What is 100100111100010110010 (base 2) in base 15?
18da31
Convert 12450510 (base 6) to base 7.
3331206
What is 2553041 (base 7) in base 5?
41114041
Convert -155021 (base 15) to base 7.
-11515120
Convert 4654c (base 13) to base 2.
11111010101001111
-102133332 (base 4) to base 3
-10211221110
-6264452 (base 7) to base 2
-10111000011100111111
What is -2000112122100 (base 3) in base 5?
-233323211
Convert -38596 (base 10) to base 16.
-96c4
What is 269f4 (base 16) in base 4?
212213310
Convert -10101100101110110 (base 2) to base 9.
-144274
What is 24637733 (base 9) in base 15?
10d6a89
What is -12312300 (base 5) in base 2?
-11101001110010100
Convert -45422420 (base 6) to base 8.
-5225454
What is -1101111100111100011 (base 2) in base 14?
-bc883
Convert 112122020 (base 3) to base 5.
320141
What is 516333 (base 9) in base 15?
60c03
What is 2021201210222 (base 3) in base 10?
1215107
What is -7261301 (base 8) in base 11?
-10a59a0
-194053 (base 10) to base 14
-50a0d
210110112022 (base 3) to base 16
6724d
What is 100111200202 (base 4) in base 9?
8046314
What is 486 (base 11) in base 9?
712
Convert 1121210101221 (base 3) to base 12.
3569b1
Convert -155558 (base 12) to base 8.
-1302724
300133003111 (base 4) to base 15
11b0e51
203a45 (base 11) to base 4
1033322322
662260 (base 7) to base 12
5720a
Convert 18a494 (base 12) to base 7.
3451324
Convert 576a03 (base 12) to base 11.
877759
-8e467 (base 16) to base 7
-4645002
Convert 102002120212 (base 3) to base 12.
a647b
164064611 (base 7) to base 10
11192735
What is 52162 (base 14) in base 12?
965b6
Convert 285708 (base 11) to base 14.
b8b40
-a8612 (base 11) to base 2
-100110100001100101
Convert 182a0 (base 15) to base 5.
10000400
What is -2c4b3 (base 16) in base 4?
-230102303
Convert bbba51 (base 14) to base 15.
85c9da
Convert 53d60 (base 15) to base 7.
2156166
What is -67bed (base 15) in base 9?
-552687
Convert -420046 (base 7) to base 9.
-118761
What is 12846c (base 13) in base 9?
750746
-1011101101100111 (base 2) to base 8
-135547
53254651 (base 7) to base 4
101033001133
-1732096 (base 12) to base 7
-55513320
11126351 (base 7) to base 2
11101011100110110010
Convert -66443232 (base 7) to base 10.
-5725134
-11100000100000010110 (base 2) to base 6
-31413142
203032312211 (base 4) to base 8
43166645
What is -20b1913 (base 12) in base 9?
-12604046
Convert -15ba42 (base 12) to base 15.
-757c5
What is 17771 (base 16) in base 5?
11033423
What is 11112022221020 (base 3) in base 16?
24bd9f
What is 811763 (base 9) in base 6?
14143350
What is -5242404 (base 6) in base 5?
-31121341
-15a786 (base 11) to base 15
-4d972
Convert 10000001000111101001110 (base 2) to base 10.
4230990
What is 230412041 (base 6) in base 2?
10000001001001011011001
What is a5688 (base 14) in base 2?
1100001011101001000
What is 5968a (base 13) in base 8?
477572
What is 57192 (base 10) in base 12?
29120
What is 592497 (base 10) in base 2?
10010000101001110001
-4b79196 (base 12) to base 4
-320213203002
Convert 6bb2 (base 14) to base 13.
8714
Convert -bda80 (base 16) to base 6.
-24352240
Convert -48369 (base 14) to base 10.
-176297
What is 33201132 (base 4) in base 14?
19258
-1411443423 (base 5) to base 4
-31310332133
-44512511 (base 6) to base 7
-14310406
101110000001000011110010 (base 2) to base 13
2664862
a2132 (base 11) to base 4
210123230
-150421 (base 10) to base 9
-248304
Convert -922739 (base 13) to base 3.
-20101221221022
9560137 (base 10) to base 2
100100011110000001001001
Convert -1365782 (base 11) to base 10.
-2350152
-156544 (base 9) to base 11
-666a5
Convert -474a53 (base 12) to base 6.
-40342543
Convert 1000001001111011000011 (base 2) to base 14.
3d9119
What is -433715 (base 10) in base 3?
-211000221112
-122531024 (base 6) to base 3
-11110200222121
Convert -395997 (base 10) to base 15.
-7c4ec
What is 10101001001101100110 (base 2) in base 3?
1022012202011
Convert 10b000 (base 13) to base 9.
662420
Convert -241716 (base 8) to base 15.
-19864
Convert -1dad15 (base 14) to base 4.
-10010203213
120001324 (base 5) to base 7
4436004
What is -423000 (base 5) in base 7?
-56116
What is 13185 (base 9) in base 13?
4091
Convert -10001202102 (base 3) to base 13.
-215c9
728997 (base 13) to base 7
31511661
201154501 (base 6) to base 8
15032005
244796 (base 14) to base 13
3462b6
Convert 13e2b2 (base 16) to base 9.
2405610
Convert 4077153 (base 8) to base 2.
100000111111001101011
Convert 211020001 (base 4) to base 10.
152065
258c0 (base 16) to base 14
40092
Convert 806008 (base 10) to base 15.
10dc3d
4500512 (base 7) to base 11
349991
What is 100121220220 (base 3) in base 7?
1416300
What is -11301102304 (base 5) in base 9?
-26255705
-11100000010001011 (base 2) to base 13
-4035b
Convert 481844 (base 11) to base 10.
763679
Convert 659a82 (base 12) to base 15.
21d242
Convert 1145332 (base 7) to base 13.
51577
What is 5653011 (base 7) in base 11?
43a57a
Convert -17477732 (base 8) to base 6.
-223442442
208337 (base 9) to base 12
5ba67
What is -1776a10 (base 11) in base 2?
-1011011111000000110100
Convert c74c (base 14) to base 4.
20121000
What is -334240133 (base 5) in base 9?
-2701724
-7dd93 (base 14) to base 13
-a9b16
What is -1020122210100 (base 3) in base 12?
-27b490
1314234 (base 6) to base 3
10200002111
Convert -937c1 (base 16) to base 11.
-38295a
Convert -1000101110001100110100 (base 2) to base 12.
-923184
What is -60327 (base 13) in base 7?
-1314120
-1100010000111010 (base 2) to base 11
-34818
What is -1105031 (base 7) in base 11?
-93362
Convert -221100022001 (base 3) to base 13.
-1460a4
What is 31133203 (base 4) in base 16?
d7e3
Convert 199700 (base 10) to base 7.
1461134
2112210000011 (base 3) to base 9
2483004
What is -10000133144 (base 5) in base 2?
-100101010001100000101001
Convert 22112012211021 (base 3) to base 5.
2130000321
Convert -105410235 (base 6) to base 10.
-1945391
What is 105154242 (base 6) in base 8?
7265662
Convert -6110313 (base 9) to base 11.
-1923187
Convert 1411244432 (base 5) to base 4.
31303132312
What is -2040041343 (base 5) in base 8?
-20065041
What is 10110001000011111011111 (base 2) in base 7?
100213211
-625532 (base 8) to base 5
-23121311
19aa73 (base 11) to base 16
4b0dc
Convert -110000101111010000110 (base 2) to base 10.
-1597062
-3040234314 (base 5) to base 7
-103351124
1210010200211 (base 3) to base 14
1a9411
242412 (base 12) to base 8
2165716
Convert 7369 (base 12) to base 11.
9523
4260330 (base 11) to base 12
2616378
What is 331854 (base 9) in base 12?
96894
Convert 9195497 (base 10) to base 14.
13151b3
Convert 1450112 (base 7) to base 16.
3014c
What is -118466 (base 9) in base 10?
-71826
Convert -303251 (base 10) to base 9.
-511875
What is -4d716 (base 14) in base 11?
-12032a
-110212122200121 (base 3) to base 6
-402400024
-3011121122 (base 4) to base 15
-10e878
1267353 (base 8) to base 5
42343300
Convert 215434 (base 8) to base 13.
26cb1
What is -143510230 (base 6) in base 9?
-5541210
What is 196cc6 (base 13) in base 15?
caae4
What is 4cd4 (base 16)